t is the remainder when 1600822 is divided by 161?
160
Calculate the remainder when 29476 is divided by 236.
212
What is the remainder when 26992 is divided by 22?
20
Calculate the remainder when 688 is divided by 454.
234
Calculate the remainder when 18443 is divided by 96.
11
What is the remainder when 1940330 is divided by 47?
29
Calculate the remainder when 402345 is divided by 35.
20
What is the remainder when 42935 is divided by 42899?
36
Calculate the remainder when 40674 is divided by 181.
130
What is the remainder when 2920 is divided by 1486?
1434
What is the remainder when 39226 is divided by 7842?
16
What is the remainder when 355721 is divided by 135?
131
Calculate the remainder when 470693 is divided by 118.
109
What is the remainder when 8784 is divided by 960?
144
What is the remainder when 156492 is divided by 3?
0
What is the remainder when 1750 is divided by 343?
35
Calculate the remainder when 100933 is divided by 278.
19
What is the remainder when 69112 is divided by 225?
37
What is the remainder when 8678 is divided by 417?
338
What is the remainder when 542470 is divided by 23?
15
What is the remainder when 1516 is divided by 181?
68
Calculate the remainder when 27500 is divided by 28.
4
Calculate the remainder when 20060 is divided by 173.
165
Calculate the remainder when 5032002 is divided by 55.
52
Calculate the remainder when 4523 is divided by 2149.
225
What is the remainder when 25732 is divided by 25625?
107
What is the remainder when 20465 is divided by 22?
5
What is the remainder when 695 is divided by 207?
74
What is the remainder when 2245 is divided by 38?
3
Calculate the remainder when 10594 is divided by 459.
37
What is the remainder when 318 is divided by 107?
104
What is the remainder when 222854 is divided by 54?
50
Calculate the remainder when 1066119 is divided by 217.
215
Calculate the remainder when 2884 is divided by 505.
359
What is the remainder when 77462 is divided by 669?
527
What is the remainder when 329937 is divided by 54981?
51
Calculate the remainder when 27650 is divided by 33.
29
Calculate the remainder when 18076 is divided by 62.
34
Calculate the remainder when 1414 is divided by 683.
48
Calculate the remainder when 113181 is divided by 72.
69
Calculate the remainder when 24896 is divided by 59.
57
Calculate the remainder when 20435 is divided by 69.
11
Calculate the remainder when 9657 is divided by 537.
528
What is the remainder when 98204 is divided by 528?
524
Calculate the remainder when 17202638 is divided by 14.
12
What is the remainder when 70072 is divided by 11677?
10
What is the remainder when 71822 is divided by 269?
268
Calculate the remainder when 19265 is divided by 169.
168
Calculate the remainder when 5101 is divided by 1694.
19
What is the remainder when 2261846 is divided by 19?
10
What is the remainder when 126534 is divided by 3163?
14
Calculate the remainder when 49067 is divided by 195.
122
What is the remainder when 384 is divided by 130?
124
What is the remainder when 147649 is divided by 237?
235
Calculate the remainder when 205164 is divided by 169.
167
What is the remainder when 179988 is divided by 17996?
28
What is the remainder when 1269 is divided by 439?
391
Calculate the remainder when 7395 is divided by 103.
82
What is the remainder when 40556 is divided by 863?
858
Calculate the remainder when 751 is divided by 104.
23
What is the remainder when 3501 is divided by 281?
129
What is the remainder when 14205 is divided by 4734?
3
What is the remainder when 1377049 is divided by 54?
49
What is the remainder when 24037 is divided by 140?
97
What is the remainder when 957 is divided by 298?
63
Calculate the remainder when 107910 is divided by 218.
0
Calculate the remainder when 55108 is divided by 166.
162
What is the remainder when 4564 is divided by 4526?
38
Calculate the remainder when 303644 is divided by 529.
527
Calculate the remainder when 36783 is divided by 1035.
558
Calculate the remainder when 11734 is divided by 356.
342
What is the remainder when 36299 is divided by 386?
15
What is the remainder when 8336 is divided by 13?
3
Calculate the remainder when 1545 is divided by 718.
109
What is the remainder when 7404 is divided by 109?
101
What is the remainder when 198870 is divided by 24857?
14
Calculate the remainder when 2381 is divided by 58.
3
Calculate the remainder when 51953 is divided by 29.
14
What is the remainder when 2187 is divided by 701?
84
What is the remainder when 763 is divided by 70?
63
What is the remainder when 11804 is divided by 347?
6
What is the remainder when 1306 is divided by 48?
10
Calculate the remainder when 48514 is divided by 203.
200
Calculate the remainder when 10288 is divided by 127.
1
What is the remainder when 453602 is divided by 959?
954
Calculate the remainder when 65378 is divided by 297.
38
What is the remainder when 103733 is divided by 15?
8
Calculate the remainder when 53458 is divided by 11.
9
What is the remainder when 1304 is divided by 185?
9
Calculate the remainder when 234835 is divided by 60.
55
Calculate the remainder when 67283 is divided by 9.
8
Calculate the remainder when 4741 is divided by 3.
1
Calculate the remainder when 1324 is divided by 825.
499
What is the remainder when 14536 is divided by 36?
28
Calculate the remainder when 7252 is divided by 1806.
28
Calculate the remainder when 88607 is divided by 38.
29
Calculate the remainder when 976072 is divided by 506.
504
What is the remainder when 670863 is divided by 207?
183
Calculate the remainder when 1221259 is divided by 132.
127
Calculate the remainder when 246497 is divided by 493.
490
What is the remainder when 173012 is divided by 41?
33
What is the remainder when 6784 is divided by 212?
0
Calculate the remainder when 632 is divided by 211.
210
Calculate the remainder when 61176 is divided by 467.
466
What is the remainder when 234 is divided by 87?
60
Calculate the remainder when 358293 is divided by 676.
13
What is the remainder when 127631 is divided by 2835?
56
Calculate the remainder when 1002515 is divided by 228.
227
Calculate the remainder when 15874 is divided by 49.
47
Calculate the remainder when 59661 is divided by 306.
297
Calculate the remainder when 11357 is divided by 1820.
437
Calculate the remainder when 30630 is divided by 200.
30
What is the remainder when 14285 is divided by 286?
271
Calculate the remainder when 37294 is divided by 12415.
49
What is the remainder when 154800 is divided by 283?
282
Calculate the remainder when 82778 is divided by 316.
302
Calculate the remainder when 336006 is divided by 335958.
48
What is the remainder when 7630 is divided by 1251?
124
Calculate the remainder when 3628 is divided by 3603.
25
What is the remainder when 12601 is divided by 4197?
10
Calculate the remainder when 19379 is divided by 380.
379
What is the remainder when 31029 is divided by 43?
26
Calculate the remainder when 6048 is divided by 123.
21
What is the remainder when 16418 is divided by 13?
12
Calculate the remainder when 17987 is divided by 30.
17
Calculate the remainder when 11316 is divided by 5451.
414
Calculate the remainder when 28482 is divided by 714.
636
What is the remainder when 1824 is divided by 1801?
23
Calculate the remainder when 43820 is divided by 447.
14
Calculate the remainder when 43000 is divided by 14328.
16
What is the remainder when 728 is divided by 717?
11
What is the remainder when 818 is divided by 791?
27
Calculate the remainder when 103979 is divided by 6497.
27
What is the remainder when 11538 is divided by 3826?
60
Calculate the remainder when 13491 is divided by 170.
61
What is the remainder when 64702 is divided by 21567?
1
What is the remainder when 90066 is divided by 126?
102
Calculate the remainder when 4662 is divided by 34.
4
What is the remainder when 6667 is divided by 370?
7
What is the remainder when 1183 is divided by 220?
83
What is the remainder when 62347 is divided by 491?
481
Calculate the remainder when 23407 is divided by 12.
7
Calculate the remainder when 81210 is divided by 257.
255
Calculate the remainder when 39305 is divided by 3569.
46
What is the remainder when 355542 is divided by 5079?
12
Calculate the remainder when 9601 is divided b